e the prime factors of 33279?
3, 11093
What are the prime factors of 91290?
2, 3, 5, 17, 179
What are the prime factors of 434?
2, 7, 31
List the prime factors of 1473.
3, 491
List the prime factors of 45195.
3, 5, 23, 131
List the prime factors of 44871.
3, 14957
What are the prime factors of 7404?
2, 3, 617
List the prime factors of 6014.
2, 31, 97
What are the prime factors of 39433?
47, 839
List the prime factors of 5277.
3, 1759
List the prime factors of 15407.
7, 31, 71
What are the prime factors of 10692?
2, 3, 11
List the prime factors of 6993.
3, 7, 37
What are the prime factors of 19508?
2, 4877
What are the prime factors of 44237?
31, 1427
What are the prime factors of 75273?
3, 11, 2281
What are the prime factors of 12665?
5, 17, 149
List the prime factors of 418.
2, 11, 19
What are the prime factors of 67497?
3, 149, 151
List the prime factors of 27309.
3, 9103
What are the prime factors of 99542?
2, 71, 701
List the prime factors of 6745.
5, 19, 71
What are the prime factors of 19361?
19, 1019
What are the prime factors of 4097?
17, 241
What are the prime factors of 78871?
13, 6067
List the prime factors of 15066.
2, 3, 31
List the prime factors of 6710.
2, 5, 11, 61
List the prime factors of 1651.
13, 127
What are the prime factors of 5695?
5, 17, 67
What are the prime factors of 34327?
34327
What are the prime factors of 48778?
2, 29
What are the prime factors of 23562?
2, 3, 7, 11, 17
What are the prime factors of 13593?
3, 23, 197
What are the prime factors of 32634?
2, 3, 7, 37
What are the prime factors of 107105?
5, 31, 691
List the prime factors of 3400.
2, 5, 17
What are the prime factors of 5292?
2, 3, 7
What are the prime factors of 318?
2, 3, 53
What are the prime factors of 2641?
19, 139
What are the prime factors of 5169?
3, 1723
What are the prime factors of 7206?
2, 3, 1201
What are the prime factors of 2447?
2447
What are the prime factors of 8190?
2, 3, 5, 7, 13
List the prime factors of 27961.
27961
List the prime factors of 40174.
2, 53, 379
List the prime factors of 1571.
1571
List the prime factors of 1300.
2, 5, 13
List the prime factors of 5589.
3, 23
What are the prime factors of 254?
2, 127
List the prime factors of 23817.
3, 17, 467
List the prime factors of 2292.
2, 3, 191
List the prime factors of 352.
2, 11
What are the prime factors of 139231?
37, 53, 71
List the prime factors of 818.
2, 409
List the prime factors of 6087.
3, 2029
What are the prime factors of 255?
3, 5, 17
List the prime factors of 10912.
2, 11, 31
List the prime factors of 1268.
2, 317
What are the prime factors of 848?
2, 53
What are the prime factors of 505?
5, 101
What are the prime factors of 1540?
2, 5, 7, 11
What are the prime factors of 3278?
2, 11, 149
List the prime factors of 69940.
2, 5, 13, 269
List the prime factors of 368.
2, 23
What are the prime factors of 32500?
2, 5, 13
List the prime factors of 70317.
3, 13, 601
What are the prime factors of 1215?
3, 5
What are the prime factors of 3123?
3, 347
List the prime factors of 35573.
35573
List the prime factors of 11288.
2, 17, 83
List the prime factors of 5655.
3, 5, 13, 29
What are the prime factors of 1318?
2, 659
List the prime factors of 4891.
67, 73
What are the prime factors of 101492?
2, 25373
What are the prime factors of 2737?
7, 17, 23
What are the prime factors of 23226?
2, 3, 7, 79
List the prime factors of 1029.
3, 7
List the prime factors of 1144.
2, 11, 13
List the prime factors of 482.
2, 241
What are the prime factors of 1456?
2, 7, 13
List the prime factors of 16991.
13, 1307
List the prime factors of 590.
2, 5, 59
What are the prime factors of 24974?
2, 12487
List the prime factors of 230.
2, 5, 23
What are the prime factors of 72455?
5, 43, 337
What are the prime factors of 4078?
2, 2039
What are the prime factors of 110901?
3, 7, 5281
What are the prime factors of 4914?
2, 3, 7, 13
List the prime factors of 870.
2, 3, 5, 29
List the prime factors of 20008.
2, 41, 61
What are the prime factors of 802?
2, 401
What are the prime factors of 1915?
5, 383
What are the prime factors of 3077?
17, 181
What are the prime factors of 1857?
3, 619
What are the prime factors of 41762?
2, 7, 19, 157
What are the prime factors of 14527?
73, 199
What are the prime factors of 22039?
22039
List the prime factors of 376.
2, 47
What are the prime factors of 43114?
2, 21557
What are the prime factors of 676?
2, 13
List the prime factors of 1222.
2, 13, 47
List the prime factors of 812.
2, 7, 29
List the prime factors of 9163.
7, 11, 17
List the prime factors of 10004.
2, 41, 61
What are the prime factors of 21236?
2, 5309
List the prime factors of 748.
2, 11, 17
List the prime factors of 331.
331
List the prime factors of 2173.
41, 53
List the prime factors of 107489.
47, 2287
List the prime factors of 65780.
2, 5, 11, 13, 23
List the prime factors of 4728.
2, 3, 197
What are the prime factors of 1608?
2, 3, 67
List the prime factors of 3766.
2, 7, 269
List the prime factors of 2441.
2441
List the prime factors of 1719.
3, 191
List the prime factors of 6538.
2, 7, 467
List the prime factors of 1197.
3, 7, 19
List the prime factors of 239.
239
List the prime factors of 65815.
5, 13163
What are the prime factors of 105511?
7, 15073
What are the prime factors of 1319?
1319
What are the prime factors of 4615?
5, 13, 71
List the prime factors of 56485.
5, 11, 13, 79
List the prime factors of 5025.
3, 5, 67
List the prime factors of 185.
5, 37
What are the prime factors of 12322?
2, 61, 101
What are the prime factors of 1673?
7, 239
What are the prime factors of 1167?
3, 389
List the prime factors of 1033.
1033
What are the prime factors of 2122?
2, 1061
What are the prime factors of 68190?
2, 3, 5, 2273
What are the prime factors of 4471?
17, 263
What are the prime factors of 27069?
3, 7, 1289
What are the prime factors of 21846?
2, 3, 11, 331
List the prime factors of 5076.
2, 3, 47
List the prime factors of 107561.
29, 3709
List the prime factors of 878.
2, 439
What are the prime factors of 1440?
2, 3, 5
List the prime factors of 2152.
2, 269
What are the prime factors of 7006?
2, 31, 113
What are the prime factors of 2200?
2, 5, 11
List the prime factors of 6090.
2, 3, 5, 7, 29
List the prime factors of 1955.
5, 17, 23
What are the prime factors of 13421?
13421
List the prime factors of 3700.
2, 5, 37
What are the prime factors of 1867?
1867
List the prime factors of 5400.
2, 3, 5
List the prime factors of 55027.
7, 1123
What are the prime factors of 10567?
10567
What are the prime factors of 436?
2, 109
List the prime factors of 816.
2, 3, 17
What are the prime factors of 8698?
2, 4349
List the prime factors of 34954.
2, 17477
List the prime factors of 18869.
18869
List the prime factors of 899.
29, 31
List the prime factors of 22084.
2, 5521
List the prime factors of 1218.
2, 3, 7, 29
What are the prime factors of 1216?
2, 19
List the prime factors of 30102.
2, 3, 29, 173
List the prime factors of 102902.
2, 23, 2237
List the prime factors of 8963.
8963
What are the prime factors of 15354?
2, 3, 853
What are the prime factors of 8305?
5, 11, 151
What are the prime factors of 18872?
2, 7, 337
What are the prime factors of 28461?
3, 53, 179
What are the prime factors of 3476?
2, 11, 79
List the prime factors of 61073.
157, 389
List the prime factors of 4193.
7, 599
What are the prime factors of 5189?
5189
List the prime factors of 3363.
3, 19, 59
List the prime factors of 61882.
2, 30941
List the prime factors of 1595.
5, 11, 29
List the prime factors of 19134.
2, 3, 1063
List the prime factors of 13600.
2, 5, 17
What are the prime factors of 1332?
2, 3, 37
List the prime factors of 1238.
2, 619
List the prime factors of 1938.
2, 3, 17, 19
List the prime factors of 85098.
2, 3, 13, 1091
List the prime factors of 20846.
2, 7, 1489
What are the prime factors of 13125?
3, 5, 7
What are the prime factors of 3703?
7, 23
List the prime factors of 361.
19
What are the prime factors of 98639?
98639
What are the prime factors of 1261?
13, 97
What are the prime factors of 3637?
3637
List the prime factors of 2135.
5, 7, 61
List the prime factors of 749.
7, 107
What are the prime factors of 4597?
4597
What are the prime factors of 24301?
19, 1279
What are the prime factors of